List the prime factors of c.
2, 3, 59
Let j(p) = -6*p**3 - 7*p**2 + 6*p + 5. Suppose -4*g - 22 = 2*q, -3*q + 10 = -5*g - 1. Let v be j(g). Suppose v - 22 = 3*b. List the prime factors of b.
7, 11
Suppose 3*a - 1 = -q, 0 = -2*q - 2*a + 7*a - 20. Let p be (10/8)/(q/(-1120)). Suppose 0 = -7*d - p + 2303. What are the prime factors of d?
17
What are the prime factors of ((-25218)/42*3 - 9)/((-2)/28)?
2, 3, 11
Let c = 99967 + -13624. List the prime factors of c.
3, 17, 1693
Let s = 39291 + -4848. List the prime factors of s.
3, 43, 89
Let x(f) = -60*f + 60. Let i be x(-9). Suppose i = -11*p + 6309. What are the prime factors of p?
3, 173
Suppose -2158 = 5*m - 0*m - 3*b, 5*m = -b - 2174. Let x = -285 - m. What are the prime factors of x?
149
Suppose 24*h = 29*h - 21470. List the prime factors of h.
2, 19, 113
Suppose -l = -3*z + 9, z + 2*l = 3*z - 6. Suppose -1 = -3*a - 4*q + 2, -3*a + z = 2*q. Let b = a + 25. List the prime factors of b.
2, 13
Let x(h) be the first derivative of 13 - 1/2*h**2 + 185*h. List the prime factors of x(0).
5, 37
Let t(l) = -91*l - 18. Let u(q) = -8*q + 19. Let d be u(3). What are the prime factors of t(d)?
19, 23
Let z = 1201 + -525. Suppose w + 3*c = 257, -4*w - 2*c - z + 1744 = 0. What are the prime factors of w?
269
Suppose -4*s + 1077 + 10267 = 4*i, 2*i = 3*s - 8473. What are the prime factors of s?
3, 23, 41
Let s(g) = 30*g + 2 - 16*g + 10*g**2 - 8. List the prime factors of s(-6).
2, 3, 5
Suppose 0 = -2*c - 5 + 19. Let u(s) = 31*s + 16. Let p be u(c). Suppose -8 = -2*y, -2*w - 4*y + 741 = p. List the prime factors of w.
2, 3, 41
Let m = 23 + -42. Let k = m - -31. List the prime factors of 2/k - (-470)/60.
2
Let s be 1154/(1 + (2 - 1)) + -3. Let t = 1373 - s. List the prime factors of t.
17, 47
Let k(f) = 40148*f**2 + 715*f + 714. List the prime factors of k(-1).
19, 2113
What are the prime factors of (-410)/(5*24/(-660))?
5, 11, 41
Suppose -14*u = -13*u - 2. Suppose u*s = 418 + 350. List the prime factors of s.
2, 3
Let z(q) = q**2 + 2*q + 5. Let c be z(0). Suppose -4*h + 8 = 3*j - j, -3*h - c*j = -13. List the prime factors of -12 - -11 - (h - 101).
3, 11
Suppose o + 167367 = 5*r, 3*r = -225*o + 220*o + 100465. What are the prime factors of r?
5, 13, 103
Suppose -38 = -7*i + 11. Let a(r) = i*r + 6 - 9*r**3 + 0 + 3*r**2 + 2. What are the prime factors of a(-2)?
2, 3, 13
Let z(y) = y**2 - 2*y - 12. Suppose 2*a + 22 = 12. Let j be z(a). Suppose 18*x - j*x = -290. What are the prime factors of x?
2, 29
Suppose 2*y - a = 7*y - 35858, -6*y + 2*a + 43004 = 0. What are the prime factors of y?
2, 3, 5, 239
Let k = 1 - 9. Let l(h) = -8*h + 37. Let r(s) = -s + 8. Let n(p) = l(p) + 3*r(p). List the prime factors of n(k).
149
Let v = 38595 - 929. What are the prime factors of v?
2, 37, 509
Let d(s) = s**3 - 6*s**2 + 9*s - 6. Let l be (-18)/4*(-3 - -1). What are the prime factors of d(l)?
2, 3, 53
Suppose 5*o + 2*k = -139, 4*o - 22 + 140 = -5*k. Let h = o - -30. Suppose -s - h + 12 = 0. What are the prime factors of s?
3
Let s(i) = -7*i**2 + 4*i**2 + 2*i**2 - i - 1 - 946*i**3. Let r be s(-1). Suppose 0*o - r = -9*o. List the prime factors of o.
3, 5, 7
Let l(r) = r**2 + 50*r - 38. Let v be l(-51). Suppose -4*t = -v*q + 18*q - 1279, -5*t = -5*q - 1610. List the prime factors of t.
3, 107
Let w be -28 + 21 - (-247 + 0). Suppose 128 = 2*m - w. List the prime factors of m.
2, 23
Let q(g) be the third derivative of -53*g**4/12 + 3*g**3/2 + g**2 + 12*g. Let f = 8 + -10. List the prime factors of q(f).
13, 17
Let f(b) = b**2 + b. Let j(x) = 13*x**2 + 16*x - 22. Let d(o) = -4*f(o) + j(o). What are the prime factors of d(6)?
2, 11, 17
Let z be (5 + 9/(-2))*-278. Let m = z - -301. What are the prime factors of m?
2, 3
Let u(s) = 144*s**3 + 55*s**2 - 387*s - 1. List the prime factors of u(8).
3, 7, 11, 107
Suppose -53 = -5*c + 3*w, -3*c + 23 + 8 = -2*w. Let m = c - -66. List the prime factors of m.
79
Let k = 46028 + -43932. List the prime factors of k.
2, 131
Suppose 4*i - 39062 - 279749 = 5*m, 5*m - 239187 = -3*i. List the prime factors of i.
2, 39857
Suppose 108*t - 3540 = 118*t. Let q = t - -455. List the prime factors of q.
101
List the prime factors of -6 + 546344/12 - (-396)/(-108).
3, 15173
Suppose 5*g + 2*w = 31771 + 18161, 4*w = g - 10004. List the prime factors of g.
2, 11, 227
Suppose -3 = -3*j - 5*l + 2, -2*l + 6 = 2*j. Let a(y) = -y**2 + 14*y + 7. Let u be a(9). Suppose j*x = t - u, 5*t = -0*t - x + 260. List the prime factors of t.
2, 13
Let b be (-24 - -23)/((1*-1)/23). Suppose -a - b - 2 = 0. What are the prime factors of (-1 + 0 - 1)*(a - -7)?
2, 3
Suppose 34618*t = 34644*t - 136786. List the prime factors of t.
5261
Suppose 4186 + 2309 = -5*t. Let r = -747 - t. List the prime factors of r.
2, 3, 23
Suppose -3*t + 4*f = -267, f + 2*f - 195 = -2*t. Suppose -13*j = -3*a - 9*j + 106, -a + 4*j = -30. Let o = t - a. List the prime factors of o.
5, 11
Let l(m) = -m + 7. Let r be l(3). Suppose -170 = 4*j + 3*p - 653, -r*j + 481 = p. Suppose t + 0*t = j. List the prime factors of t.
2, 3, 5
Suppose 30*f + 5 = 31*f, 23899 = 3*x + 2*f. List the prime factors of x.
7963
Suppose -61 = o - 427. Let a = 606 - o. Suppose -a = -7*t - t. List the prime factors of t.
2, 3, 5
Suppose -1345 = -3*t + 1301. Suppose -20*y + 14*y + t = 0. What are the prime factors of y?
3, 7
Let z be 11223/27 - 4/6. Suppose -2*c + 3*r = 2*c - z, 0 = c + 5*r - 121. Suppose 0 = -2*m + y + c, 4*m - 216 = 4*y - y. List the prime factors of m.
3, 17
Suppose 30 - 22 = -2*o. Let m = 45 - o. List the prime factors of m.
7
Let m be (1 - -17) + (-1)/(-3)*9. Let h(a) = -a**3 + 20*a**2 + 22*a + 24. Let l be h(m). Suppose 0 = 4*c - c - l. List the prime factors of c.
3, 5
Let c = -9206 - -60239. What are the prime factors of c?
3, 17011
Suppose 5*i = 5*w - w - 23, 3*w + 4*i + 6 = 0. Suppose w*s = 0, o - 5*s - 497 = -s. List the prime factors of o.
7, 71
Suppose 0 = 25*j - 4 - 21. What are the prime factors of 28*((2475/20)/5 + j)?
7, 103
Let o(x) = -1062*x + 2291. What are the prime factors of o(-6)?
8663
Let y = 122 - -22. Let o(h) = -12*h + 5. Let s be o(-8). Let q = y - s. List the prime factors of q.
43
Let u be (-34)/(-8) + (-20)/80. Suppose p + 4*h = -56 + 600, u*h = -12. What are the prime factors of p?
2, 139
Let z = -354 - -1529. List the prime factors of z.
5, 47
Let s(y) = 310*y**2 - 425*y - 7102. What are the prime factors of s(-17)?
13, 67, 103
Let x(r) = 9*r + 7*r + 609 + 3*r**2 - 673 + 2*r**3 + 0*r**2. What are the prime factors of x(5)?
11, 31
Let b(a) = a**3 - 13*a**2 - 4*a + 46. Let y be b(13). Let p(f) = -6*f**3 + 10*f**2 - 6*f + 8. What are the prime factors of p(y)?
2, 5, 17
Let n = -1060 - -3024. List the prime factors of n.
2, 491
Let k be (-15)/(-10) + (397/(-2) - 2). Let c = -85 - k. Suppose -t + 3*y = -y - c, 4*t - 3*y = 417. List the prime factors of t.
2, 3, 17
Suppose -h - 3*h = -144. Suppose 0 = -4*r + 8*r - h. List the prime factors of r.
3
Let f = -133 - 53. Let s = f + 327. Let j = 242 - s. List the prime factors of j.
101
Suppose -35*m + 188555 = -221952 - 139413. What are the prime factors of m?
2, 491
Let t(p) = 3*p + 33. Let o be t(-17). Let f be (2 + -1)/((-6)/o). Suppose f*x + b - 845 = 3*b, 0 = -3*x + 4*b + 841. List the prime factors of x.
283
Let a = 71319 + -35035. What are the prime factors of a?
2, 47, 193
Suppose 0 = 4*g - 8, z - 29*g = -33*g + 2287. What are the prime factors of z?
43, 53
What are the prime factors of (74/(-14) + 1)*(377/(-29) - 1135)?
2, 3, 5, 41
Let w be 3/(-21) + (-29)/(-7). Suppose 3*q + 1590 = w*g, 70*g - 1203 = 67*g - 3*q. List the prime factors of g.
3, 7, 19
What are the prime factors of (1/(-2))/((-70)/189280)?
2, 13
Let r be (0/(-2))/(4 - 5). Suppose 1945 = 3*q + 5*t, r = -5*q + 2*t + 2298 + 954. What are the prime factors of q?
2, 5, 13
Let s = 49 + 36. Let p be (-269)/(-9) - 19/(-171). Let t = s - p. What are the prime factors of t?
5, 11
Suppose 35 = -3*b + 4*b. Let z(r) = -b*r - r**2 - 4 - 14 + 4 - 6. List the prime factors of z(-26).
2, 107
Suppose 0 = -h + p + 12, 0 = 2*h - p + 5*p - 12. Let w(n) = 15*n + 103. What are the prime factors of w(h)?
11, 23
Let p = -68 - -71. Suppose 0 = 2*z - p - 5. Suppose -608 = -z*q + 4*k, -3*q - k + 3*k + 453 = 0. List the prime factors of q.
149
Let v = 71